63 - 149. Suppose 5*o - 7 = 3*b, -13*b + o = -y*b + 3. Let v(q) = 6*q**2 - 2*q + 1. Give v(b).
5
Let j(l) = 46*l**2 - 7*l - 6. Suppose -4*t + 40 - 53 = -15*s, -4*t = -2*s + 26. Determine j(s).
47
Let b(m) be the third derivative of m**5/60 - 17*m**4/24 - 11*m**3/3 + 42542*m**2 + 1. Let o(v) = -v**3 + 4*v**2 + 2*v - 2. Let n be o(-2). Calculate b(n).
-4
Let i(b) = -2*b**2 + 18*b + 1. Let r(t) = -t**2 + 9*t. Let p(h) = 3*i(h) - 7*r(h). Let a(n) = -22*n + 7. Let s be a(0). What is p(s)?
-11
Let n(o) = o**2 - 3*o + 1. Let k(b) = b**2 - 4*b. Let g(r) = -5*k(r) + 4*n(r). Suppose -5091*l + 5146*l - 495 = 0. Determine g(l).
-5
Let u(b) = 32*b - 241. Let w(t) = -31*t + 237. Let c(i) = -4*u(i) - 3*w(i). Determine c(7).
8
Let x(o) be the first derivative of -o**2 - 19*o - 10978. What is x(-8)?
-3
Let b(x) be the second derivative of x**5/20 - 5*x**4/12 + x**3/2 - 9*x**2/2 - 56*x - 2. Let g = -67 - -71. Determine b(g).
-13
Let u(f) = f**2 - 9*f - 27. Let i(l) = -18*l + 751. Let k be i(41). Calculate u(k).
25
Let l(t) be the second derivative of 2*t**3/3 - 3*t**2 + 18*t. Let m(j) = 2*j**3 - 96*j**2 - 2*j + 99. Let b be m(48). Give l(b).
6
Let c(u) = -4*u**3 - 4*u**2 - 2 - 4*u - 3*u**2 + 4*u**2 + 5*u**2 - 4*u**2. Determine c(-1).
4
Let a(d) = -37 + 36 - 3*d - 6*d**2 - 5 - d**3. Let l(r) = 5*r**3 + 29*r**2 + 16*r + 31. Let b = 3 - 5. Let y(m) = b*l(m) - 11*a(m). Give y(-8).
-4
Suppose s + 20 = -3*q, 0 = -s - 2*s + 3. Suppose -3*j = 5*t - 70, -3*t - 16 = 2*j - 61. Let y(m) = -20 - 6*m**2 + 5*m**2 + j - 6*m. Calculate y(q).
-12
Let t be (-2)/10 + (-33)/(-15). Let h(p) = -4*p + 13*p**2 + p - 36*p**2 + 19*p**t. What is h(-2)?
-10
Let y(u) = -u**3 - 11*u**2 - u - 14. Let o(h) = -h**3 + 4*h**2 + 13*h - 17. Let k be o(6). Determine y(k).
-3
Let l(s) be the second derivative of -s**4/12 + 17*s**3/6 - 34*s**2 - 1645*s. What is l(11)?
-2
Let j be 6*-2*(-1)/6. Let y(o) = 0*o + j + 3*o + 2*o. Let g(s) = -s**2 - 46*s - 207. Let m be g(-41). Give y(m).
-8
Let q(f) = -7*f**2 + 7*f + 28. Let z(h) = -9*h**2 + 6*h + 31. Let v(s) = -6*q(s) + 5*z(s). Let b(i) = i**2. Let m(y) = -4*b(y) - v(y). Calculate m(13).
0
Let k(f) = -183*f**2 - f - 2. Let x(n) = 146*n**2 + 2*n + 3. Let s(p) = -4*k(p) - 5*x(p). What is s(6)?
29
Let k(u) be the second derivative of -u**3/3 + 5*u**2 - 3266*u. Give k(10).
-10
Let w be (1 - (-39)/(-15))/((-21)/105). Suppose 2*b + 2*t = -6, -2*b + 2*t + w = -3*t. Let j(d) = -3 + 0 + 10*d**2 + 4 + d. Calculate j(b).
10
Let u(f) = -f**2 - 15*f - 19. Suppose 432 = 53*r - 55*r. Let y = 202 + r. Give u(y).
-5
Let o(z) be the second derivative of -z**4/6 - z**3/3 + 5*z**2/2 + 474*z + 1. Give o(0).
5
Suppose 5*r = 4*r + 9. Suppose r*f - 58 + 4 = 0. Let a(h) = -h**3 + 3*h**2 + 5*h + 4 + 0*h + 2*h**2. Give a(f).
-2
Let f(u) be the second derivative of -u**3/2 - 59*u**2 - 685*u. What is f(-26)?
-40
Suppose -2*n - 3*z + 36 - 9 = 0, 4*z = -5*n + 43. Let k(s) be the second derivative of -s**2 + 2*s + 0 + 1/3*s**3. What is k(n)?
4
Let d(g) = -g - 8. Let z(q) be the second derivative of -q**5/20 - 13*q**4/12 - 2*q**3 + 2*q**2 + 141*q. Let o be z(-12). Calculate d(o).
-12
Suppose 5*o - 5*a = -25, -5*o + 44*a - 48*a + 20 = 0. Let h(r) be the first derivative of r**4/4 - r**3/3 + 3*r + 30. Determine h(o).
3
Suppose -j + 6 = 2*g + 12, 2*g + 24 = -4*j. Let w(k) = -k**3 - k**2 - 2*k - 4. Calculate w(g).
-4
Let s(l) = 3*l + 4. Let k be (-8)/(-10)*(-2 + 36/8). Suppose 14 = -2*p + y, 2*p + 15 - 13 = -k*y. What is s(p)?
-11
Suppose 16 = 5*l - 14. Suppose 4*c + 27 = -5*c. Let w be -3 - -1 - c/l*6. Let r(a) = 7*a**2 - a + 1. Give r(w).
7
Let c(u) = u**3 + 19*u**2 - u - 17. Let n(m) = m**3 + 11*m**2. Let j(w) = c(w) - 2*n(w). What is j(-4)?
3
Let y = 443 + -439. Suppose -5*g = -9*q + y*q - 10, 4*q + 16 = 2*g. Let u(m) = 0*m + 4 + 4*m + 2*m. Calculate u(q).
-32
Let b(c) = -6*c - 12*c + 2 - 7*c + 4*c. Calculate b(-3).
65
Let t = 11744 - 11737. Let g(b) = 4*b - 3. Give g(t).
25
Let o be ((-2)/1 + -6 + 3)/(-1). Suppose 0 = -o*u + s - 4, -s = 2*u + s - 8. Let n(x) = -x + u + 5 - 7 - 3. What is n(8)?
-13
Let c(a) be the first derivative of -25*a**3/3 + 3*a**2/2 - 2*a + 4335. Calculate c(2).
-96
Let l(r) = -r - 4. Let t(g) = 22*g - 10. Let h be t(1). Suppose -26*y + 28*y = -16. Let z = y + h. Determine l(z).
-8
Let u(v) = -24*v + 1370 + 1467 + 1415 - 4919 + 1141. Calculate u(20).
-6
Suppose 4*n = c + 296 - 125, 122 = 3*n - 2*c. Suppose 0 = -w - 41 + n. Let i(g) = 16*g - w + 24 - 17*g. Determine i(0).
21
Let z(c) = -5*c - 2. Suppose 0 = 78*t + 68*t. Determine z(t).
-2
Suppose -2*b + i - 5 = 0, -5*b - i - 25 = -6*i. Suppose b = -t + 1, 3*q + 2*t - 7*t - 1 = 0. Let n(g) = g - 4 + 14*g**2 - 26*g**q + 10*g**2. Calculate n(3).
-19
Let g(t) = -10*t - 232. Let v(j) = 5*j - 1. Let a(p) = -g(p) - 4*v(p). Calculate a(23).
6
Let p(s) = s**3 - 15*s**2 + 24*s + 27. Suppose 0 = -34*l - 7524 + 7966. Calculate p(l).
1
Let a = 2 - -1. Let h(z) = 0*z**3 - 2 - 8*z + z**a + 9*z**2 - 3*z**2. Let o = 1203943 - 1203950. What is h(o)?
5
Let c(u) = u**3 + 11*u**2 - 3*u - 121. Let s be c(-10). Let z(m) = -3*m + 34. Determine z(s).
7
Let v(i) = -3*i - 3. Let a be -3*(-546)/18 - 5. Let l = a - 48. Let t = 34 - l. What is v(t)?
9
Let l(h) = -h**3 + 4*h**2 - 2*h + 2. Suppose 0 = -5*n + 578 - 163. Suppose 0 = n*x - 86*x + 12. Calculate l(x).
-6
Let o(b) = 4*b + 69. Let n be o(-19). Let h(z) = z**2 + 3*z - 6. Let g be h(-5). Let w(i) = 5*i**2 + 137*i - 2 - 132*i - g*i**2. Calculate w(n).
12
Let c(m) = m**2 + m - 2. Let u(s) = -s**3 + 3*s**2 - 7*s - 9. Let i be u(4). Let g = i - -80. Let p = g + -25. Calculate c(p).
4
Suppose -7*n - 847 + 931 = 0. Let y(j) = -5*j - 4*j - 4*j + 2*j + n*j. Let i be (-17)/3 - (-2)/3. What is y(i)?
-5
Let x(i) = -2*i - 3. Let j(w) = w**2 + 13*w - 56. Let l be j(-17). Let c(m) = -m**3 + 11*m**2 + 11*m + 10. Let f be c(l). Determine x(f).
1
Let f(g) = -g**3 + 5*g**2 - 3*g - 11. Let h(o) = 2*o**3 - 5*o**2 + 12. Let w(k) = 3*f(k) + 2*h(k). Let b(m) = -m**2 - 8*m + 27. Let i be b(-11). Determine w(i).
9
Let l(k) = -2*k - 1. Suppose 2*f - 53 = 5*b, -f = -4*b - b - 49. Let d be (-1)/(20/(-32)) - b/(-15). Determine l(d).
-3
Let j = 5619 + -5606. Let a(w) = 3*w - 20. Calculate a(j).
19
Let d(w) = -9*w + 5. Suppose 7*q + 4*h = 6*h + 23, 0 = -2*q + 3*h - 8. What is d(q)?
-40
Let h(m) = 76*m**2 + m + 2. Let l(f) = f**2 + 138*f + 791. Let s be l(-6). Give h(s).
77
Let i(p) = 3 + 4*p - 9 - 14 + 0 - 3 + 16. Let f = 8 + -2. Give i(f).
17
Let h(b) = -5*b**2 + 5*b + 1. Let z(a) = -a**2 + a. Let f(d) = h(d) - 6*z(d). Let i = -33 + 45. Suppose -13 = l + 3*u, 5*u + i + 7 = -3*l. Calculate f(l).
3
Let y(d) = -59*d - 413. Let j be y(-7). Let h(a) be the first derivative of 2*a**2 + j*a - 12 + 1/3*a**3. Determine h(-5).
5
Suppose 80*a - 198*a - 1652 = 0. Let z(b) = b**3 + 13*b**2 - 15*b - 20. Determine z(a).
-6
Let j(q) = 15*q + 187. Let n(t) = -60*t - 710. Let z(f) = 19*j(f) + 5*n(f). What is z(1)?
-12
Let c = 9 - 5. Let u(i) = i**3 - 3*i**2 - 6*i + 3. Let a be u(c). Let r(g) = g + 5. Let b(q) = -2. Let k(w) = -b(w) + r(w). What is k(a)?
2
Let a(q) = -2*q**2 - 6*q + 11. Let f be ((-5)/(-2))/((-615)/(-492)). Give a(f).
-9
Let g(c) = -2*c - 2. Let u be g(-4). Let v(y) = 65*y. Let d(b) = 74*b - 1. Let h(x) = 7*d(x) - 8*v(x). What is h(u)?
-19
Let x(n) be the second derivative of -n**4/24 + n**3/6 - 85*n**2/2 - 2*n + 22. Let b(y) be the first derivative of x(y). Determine b(7).
-6
Suppose -13*w = -11*w - 4. Suppose -w*i - i = i. Let c(z) = -z**3 + z**2 + z - 16. Give c(i).
-16
Let g(f) = f**3 - 8*f**2 + 15*f - 2. Let t be g(6). Suppose -t - 19 = -5*r. Let n(o) = 1 + 0*o - r*o + 8*o + 9. Calculate n(7).
17
Let b(a) = 4*a**2 - 2*a + 13. Let s(h) = h**2 + h + 1. Let y(n) = -6*n**2 - 8*n - 3. Let m(f) = 21*s(f) + 3*y(f). Let w(j) = -4*b(j) + 5*m(j). Give w(-6).
14
Let d(h) = 6*h - 4. Let n(x) = -3*x + 19. Let p be n(-20). Let a = -77 + p. What is d(a)?
8
Let i(x) = -2*x**3 - 6*x**2 + 7*x - 3. Let j be i(-4). Let q(p) = 1 - p**2 - 1 - j + 109*p - 111*p. Determine q(-1).
0
Let n(l) be the first derivative of -14*l**2 - 9*l + 1820. What is n(-1)?
19
Let x(z) = -z**3 + z**2 - 24. Suppose 3*r - 5 = -4*i, -2 = -4*r + 8*i - 11*i. Let v be 0*r/(-6 - (-4 - 1)). Calculate x(v).
-24
Let u(n) = 6*n**2 + 31*n - 50. Let r(d) = -7*d**2 - 